{"id":347,"date":"2021-08-30T15:34:41","date_gmt":"2021-08-30T13:34:41","guid":{"rendered":"https:\/\/montanarofratelli.da-si.it\/?page_id=347"},"modified":"2022-04-01T13:41:08","modified_gmt":"2022-04-01T11:41:08","slug":"company","status":"publish","type":"page","link":"http:\/\/montanaro.da-si.it\/?lang=en","title":{"rendered":"THE MONTANARO F.LLI COMPANY"},"content":{"rendered":"\n<p>The\u00a0<strong>MONTANARO F.lli Srl\u00a0<\/strong>&#8211;<strong>\u00a0Wine-Making Machinery<\/strong>\u00a0<strong>Workshop\u00a0<\/strong>&#8211; has now more that 60 years of experience in wine-making and beverage industry: it was founded in\u00a0<strong>Canelli (Asti)\u00a0<\/strong>in the year 1959.<\/p>\n\n\n\n<p>The Company is manufacturing and selling equipment for the wine field, from the wine-making process to the bottling, as well as for other beverages and different products.<\/p>\n\n\n\n<p>Thanks to the long-term experience and the continuous research and evolution, our organisation can satisfy the needs of the small and big producers.<\/p>\n\n\n\n<p>We are specialised in designing and manufacturing of: plates filters, manufactured in stainless steel, with cellulose filter sheets or fossil flours, micro-filters with cartridge, with or without &#8216;by-pass&#8217;, in-line fillers in stainless steel, equipped with filters or micro-filters, electric pumps with different capacity, even for dense products, mixer with extractable shaft.<\/p>\n\n\n\n<p><strong>Guaranteed second-hand wine equipment market:&nbsp;<\/strong>: complete reconditioning and selling of selected semi-automatic and automatic equipment, available on stock, for wine-making and bottling. The machines are totally overhauled in our workshop, where we keep a large stock or spare parts.<\/p>\n\n\n\n<p>Thanks to our technical knowledge and experience developed throughout the years, we can guarantee that the operation of the used equipment is same as on new machines.<\/p>\n\n\n\n<p><strong>MONTANARO F.LLI&nbsp;<\/strong>is able to perform repairs and maintenance on different machines and plants (at the customer&#8217;s premises if needed) and can supply spare parts service as well.<\/p>\n\n\n\n<p>Finally, we can supply brand new equipment and turn-key plants (presses, pumps, crushers, stainless steel tanks, stainless steel fittings, ball or butterfly valves, sanitary DIN fittings, spiral hoses with different diameters.) as authorised dealers of different companies.<\/p>\n\n\n\n<p><a href=\"https:\/\/montanarofratelli.com\/wp-content\/uploads\/2021\/12\/A_Nossa_Empresa.pdf\" target=\"_blank\" rel=\"noreferrer noopener\">&nbsp;&nbsp;<img decoding=\"async\" title=\"A Nossa Empresa\" alt=\"A Nossa Empresa\" src=\"\/img\/por.png\" style=\"width: 30px; height: 25px;\">&nbsp;A Nossa Empresa<\/a><\/p>\n\n\n\n<p><a href=\"https:\/\/montanarofratelli.com\/wp-content\/uploads\/2021\/12\/Presentation_de_Notre_Societe.pdf\" target=\"_blank\" rel=\"noreferrer noopener\">&nbsp;&nbsp;<img decoding=\"async\" alt=\"Pr\u00e9sentation de Notre Soci\u00e9t\u00e9\" title=\"Pr\u00e9sentation de Notre Soci\u00e9t\u00e9\" src=\"\/img\/fra.png\" style=\"width: 30px; height: 25px;\">&nbsp;Pr\u00e9sentation de Notre Soci\u00e9t\u00e9<\/a><\/p>\n\n\n\nngg_shortcode_0_placeholder\n\n\n\n<p><\/p>\n","protected":false},"excerpt":{"rendered":"<p>The\u00a0MONTANARO F.lli Srl\u00a0&#8211;\u00a0Wine-Making Machinery\u00a0Workshop\u00a0&#8211; has now more that 60 years of experience in wine-making and beverage industry: it was founded in\u00a0Canelli (Asti)\u00a0in the year 1959. The Company is manufacturing and selling equipment for the wine field, from the wine-making process to the bottling, as well as for other beverages and different products. Thanks to the &hellip; <a href=\"http:\/\/montanaro.da-si.it\/?lang=en\" class=\"more-link\">Continue reading<span class=\"screen-reader-text\"> &#8220;THE MONTANARO F.LLI COMPANY&#8221;<\/span><\/a><\/p>\n","protected":false},"author":1,"featured_media":0,"parent":0,"menu_order":0,"comment_status":"closed","ping_status":"closed","template":"","meta":{"ngg_post_thumbnail":0,"footnotes":""},"class_list":["post-347","page","type-page","status-publish","hentry"],"lang":"en","translations":{"en":347,"it":5},"pll_sync_post":[],"_links":{"self":[{"href":"http:\/\/montanaro.da-si.it\/index.php?rest_route=\/wp\/v2\/pages\/347","targetHints":{"allow":["GET"]}}],"collection":[{"href":"http:\/\/montanaro.da-si.it\/index.php?rest_route=\/wp\/v2\/pages"}],"about":[{"href":"http:\/\/montanaro.da-si.it\/index.php?rest_route=\/wp\/v2\/types\/page"}],"author":[{"embeddable":true,"href":"http:\/\/montanaro.da-si.it\/index.php?rest_route=\/wp\/v2\/users\/1"}],"replies":[{"embeddable":true,"href":"http:\/\/montanaro.da-si.it\/index.php?rest_route=%2Fwp%2Fv2%2Fcomments&post=347"}],"version-history":[{"count":14,"href":"http:\/\/montanaro.da-si.it\/index.php?rest_route=\/wp\/v2\/pages\/347\/revisions"}],"predecessor-version":[{"id":11736,"href":"http:\/\/montanaro.da-si.it\/index.php?rest_route=\/wp\/v2\/pages\/347\/revisions\/11736"}],"wp:attachment":[{"href":"http:\/\/montanaro.da-si.it\/index.php?rest_route=%2Fwp%2Fv2%2Fmedia&parent=347"}],"curies":[{"name":"wp","href":"https:\/\/api.w.org\/{rel}","templated":true}]}}